= u + -175. What is the units digit of m?
5
Suppose m - 7*m + 6 = 0. Let a(s) = -s - 1. Let h(t) = t**2 - 8*t - 12. Let n(r) = m*h(r) - 3*a(r). What is the tens digit of n(9)?
2
Suppose 5*x + 3*r = 401, x + x + 3*r - 164 = 0. Let c = 67 - x. What is the units digit of (-4)/((-32)/c)*-130?
5
Suppose 18*n - 2352 = 11*n. Let i = n + 110. What is the units digit of i?
6
Let a(d) = 6*d**3 - 20*d**2 + 6*d + 27. Let w(x) = -7*x**3 + 21*x**2 - 5*x - 29. Let n(t) = -6*a(t) - 5*w(t). What is the tens digit of n(11)?
4
Let t be 39/26*(-76)/(-6). Let q(p) = -p**2 + 12*p - 40. Let a be q(t). What is the tens digit of 1 + -4 - (a + (2 - -2))?
6
Let c = 8419 + -2424. What is the thousands digit of c?
5
What is the tens digit of (5 + 4 + -8)/((-22)/(-502084))?
2
Suppose -22*o = -33*o + 5181. Suppose -o = 9*a - 1344. What is the units digit of a?
7
Let l(v) = v**3 - v**2 - v. Let i(n) = -5*n**3 + 27*n**2 - 18*n - 17. Let o(u) = -i(u) - 6*l(u). Let p be o(-22). Let z = p + 279. What is the tens digit of z?
5
Let m(k) = -4*k - 15. Let s be m(-7). Suppose -4*f - 4 = 0, f = 5*z + 2 - s. Let b(o) = 8*o**2 - 3*o + 1. What is the units digit of b(z)?
7
Let i = 20541 + 10300. What is the ten thousands digit of i?
3
Suppose 0 = -3*y - 2 + 14. Suppose 5*w + 12 = -3, -2*q + 520 = y*w. What is the tens digit of q?
6
Let o(l) be the first derivative of l**4/4 - 3*l**3 + 3*l**2 - 38*l + 24. What is the units digit of o(9)?
6
Suppose -18299 = -3*g - 5690. Let s = g + -2768. What is the hundreds digit of s?
4
Suppose -a + 2*a = -3*z + 1816, z - a = 604. Suppose 4*j - 3*u - 826 = 0, 3*j - z = -u - 4*u. What is the units digit of j?
5
Let a = -2681 - -3939. Let h = 2139 - a. What is the hundreds digit of h?
8
Suppose -4*n + 11 = q, -q + 1 = 2. Suppose 2*g - 2 = n*g, -34 = -5*t - 3*g. Suppose 3*x + 690 = t*x. What is the tens digit of x?
3
Let u be (-11*(-22)/605)/((-1)/15). Let t(q) = 41*q**2 - 26*q + 38. What is the units digit of t(u)?
0
Let c(g) = 341*g - 344. What is the ten thousands digit of c(37)?
1
Suppose 2*i - 3*b + 4*b - 25239 = 0, b + 25229 = 2*i. Suppose -i - 6185 = -17*z. What is the tens digit of z?
0
Let h(b) = 6*b. Let y be h(2). Suppose y = 9*k - 24. Suppose 2*z - k*a = 282, 5*a = z + 2*a - 146. What is the hundreds digit of z?
1
Let o(q) be the first derivative of -67*q**2/2 - 12*q + 3. Let l(y) = -2*y**2 + 33*y - 18. Let d be l(16). What is the units digit of o(d)?
2
Let f = 6202 + 5600. What is the ten thousands digit of f?
1
Suppose 14*g = -19 + 229. Suppose 0 = g*a - 16*a + 5*m + 74, -5*a + 426 = 3*m. What is the tens digit of a?
8
Let f(m) = -m**2 + 20*m - 64. Let y be f(16). Suppose -9*g + 710 - 224 = y. What is the tens digit of g?
5
Let z(p) = p**2 - 13*p + 3. Let i be z(13). Suppose w + 0*w - 3*r = -i, -r - 13 = -5*w. Suppose 10 - 58 = -w*f. What is the tens digit of f?
1
Suppose -5*t = -0*t. Suppose -9*s + 3 - 3 = t. Suppose s*a - 927 = -9*a. What is the units digit of a?
3
Suppose 432 = b + 4*a - 4245, 5*b + 5*a = 23415. What is the hundreds digit of b?
6
Let d(w) = 142*w**2 + 230*w + 904. What is the units digit of d(-4)?
6
Let y be 9*((-10)/(-25))/(6/10). Suppose -10*d + y = -7*d. What is the tens digit of 6/(396/7998) + d/(-11)?
2
Let n = -406 + 410. Suppose -368 = -a + 4*x, 5*x = -n*a + 2*x + 1415. What is the units digit of a?
6
Let f be ((-986)/(-116))/((-1)/4). Let l(q) = -15*q - 237. What is the units digit of l(f)?
3
Let n(r) = r**2 - 4*r + 323. Suppose 2*v = -v - 2*v. What is the units digit of n(v)?
3
Let z(j) = -72*j**2 - j - 2 - 308*j**2 + 3 - 14*j**2. Let c be z(1). Let i = c + 612. What is the hundreds digit of i?
2
Suppose 4467 = b - 2*d, -379*d + 377*d = -3*b + 13377. What is the tens digit of b?
5
Let i(g) = -168*g + 797. What is the thousands digit of i(-32)?
6
Suppose -15 = -4*o + o. Suppose -5*w = -5*k - 150, -28 = 4*w - 2*k - 148. Suppose o*n - 4*n + 3*x - w = 0, 3*n = x + 100. What is the tens digit of n?
3
Let t = 216 - 210. Let x(j) be the first derivative of j**2 + 19*j + 6. What is the units digit of x(t)?
1
Let o(h) = -h**3 + h**2 + 7*h - 4. Let n be o(3). Let c(k) = -91*k + 3. Let d(w) = 456*w - 15. Let s(z) = 21*c(z) + 4*d(z). What is the units digit of s(n)?
0
Let a be (2 + -5)/(1/5). Let s = a + 19. What is the tens digit of 25 - ((8/2 - s) + 0)?
2
Let i = 2 - 64. Let u = i - 22. What is the tens digit of (12/8 + -2)*1*u?
4
Let d = -2136 + 8209. What is the thousands digit of d?
6
Let j = 89 - 54. Let w = j - 39. What is the tens digit of (-79 + (-1 - w))/(-2)?
3
Let t be 8/5 + 8/20. Let c = -27 - -29. Suppose z + 4*o = -t*z + 408, -c*z + o + 283 = 0. What is the hundreds digit of z?
1
Suppose -4*c = 37*c - 545013. What is the thousands digit of c?
3
Suppose -3*y - 4*t + 150 = 22, -2*t = 5*y - 218. Suppose -188 = -s - y. What is the hundreds digit of s?
1
Let c(w) = w**3 + 18*w**2 - 48*w + 5. Let p be c(-20). Let s = 447 - p. What is the units digit of s?
2
Suppose -2*g + 101*o - 97*o = -5930, 11865 = 4*g - 3*o. What is the hundreds digit of g?
9
Let a(h) = 88*h + 1. Let p(f) = -11*f + 13. Let n be p(1). What is the hundreds digit of a(n)?
1
Suppose -2*x + 272 = 4*g, 6 = -g + 9. Let o = x + 24. Let p = o - 110. What is the units digit of p?
4
Let q(y) = y**3 - 7*y**2 - 3*y - 9. Let c be q(7). Let o be (-2 - c)*(-4 - (-65)/10). Let f = o - -44. What is the hundreds digit of f?
1
Let u = 140 - 141. What is the tens digit of -5 - (-2175)/5 - 2/u?
3
What is the units digit of (12717/(-2835) - (-22)/10)/((-2)/9478)?
2
Let i be -1 + -5 + 3 + 8. Suppose 0 = -4*m + 12, -3378 = i*q - 4*m + 3*m. What is the hundreds digit of (8/(-3))/((-5)/(q/(-2)))?
1
Let v be (-178)/(-8) - ((-36)/(-16) - 3). Let r = -17 + v. Suppose 212 = r*j - 256. What is the units digit of j?
8
Suppose 45*m - 35 - 55 = 0. Let v(t) = -4*t + 3. Let u be v(-6). Suppose 0 = -4*c + f + u, m*c - 3*f - 11 = -0*c. What is the units digit of c?
7
Let v(y) = -y**3 + 3*y + 11. Let h be v(0). Suppose -8*z = h*z - 4978. What is the hundreds digit of z?
2
What is the ten thousands digit of (44553/(-30)*10)/(-1 - 0)?
1
Let w be ((-42)/12)/1*78. What is the units digit of 3 + -1 - (w + -5) - -4?
4
Let u(i) = 29*i**2 + 343*i - 36. What is the units digit of u(20)?
4
Let z(i) = 68*i**2 + 14*i - 24. What is the tens digit of z(19)?
9
Let v = 1248 + -756. Suppose 2*y + 2*n + v = 3*y, 5*n + 1956 = 4*y. What is the units digit of y?
4
Suppose 0*t + 42 = 7*t. Suppose w + 884 = 3*c + t*w, -894 = -3*c - 3*w. What is the tens digit of c?
0
What is the units digit of 51542552/2785 - 22/10?
5
Suppose -5*n + 3*m + 36 = 5*m, 33 = 3*n + 5*m. What is the tens digit of 1813 + n + -2 + 1?
1
Suppose 2*x + 17 = -1. Let v be 211 + 1 + 4 + x. Let l = 0 + v. What is the hundreds digit of l?
2
Suppose -5*r = -5*u - 124975, 44*r + 5*u = 41*r + 74929. What is the tens digit of r?
8
Let f be 60/(-40) - (-42)/4. Let i be 33/f - ((-12)/(-9))/2. Suppose 966 = 4*s + i*s. What is the hundreds digit of s?
1
Suppose -19*n + 21*n - 1836 = 0. Let s = 1361 - n. What is the hundreds digit of s?
4
Let d = -15446 + 30291. What is the ten thousands digit of d?
1
Let f(r) = 407*r + 22. Let b(o) = 817*o + 45. Let m(q) = 3*b(q) - 5*f(q). What is the units digit of m(1)?
1
Let w = -278 - -276. What is the units digit of (-363)/w*4/(-3)*-1?
2
Suppose -12 + 75 = -9*c. Let u = 55 - c. Let t = u + -5. What is the tens digit of t?
5
Let r(h) = -16*h - 4. Let k be r(-1). Let l = k - -25. Let n = l - -35. What is the tens digit of n?
7
Suppose 105*t - 1601794 = -398557 + 514143. What is the thousands digit of t?
6
Suppose j - 106 = 271. Let i be 1/4 + j/(-4). Let k = -40 - i. What is the units digit of k?
4
Suppose 216888 = -64*b + 1691992 - 216416. What is the hundreds digit of b?
6
Suppose 5*r - p + 29 = 0, -4*r + 4*p + 10 = -5*r. What is the tens digit of (-58)/4*(-66 + r)/12?
8
Let m(d) = -77*d**2. Let b(f) = 8*f - 25. Let s be b(3). Let q be m(s). Let g = q + 91. What is the tens digit of g?
1
Suppose -2*b = 2*s - 0*b - 716, -3*b = 5*s - 1794. Suppose 5*r + s = -2*p, -521 = 3*p - 2*r - 19. Let j = p + 278. What is the units digit of j?
8
Let a = -139 - -139. Suppose -5*m - 3*l + 2045 = 0, -3*m + 3*l + 1227 = -a*m. What is the hundreds digit of m?
4
Suppose 0 = 2*y - 6, 69*m + 121710 = 72*m - y. What is the tens 